= x + 59, 12 = 3*f. What is the tens digit of x*5*3/3?
8
Suppose 10*g - 395584 = -22*g. What is the ten thousands digit of g?
1
Let h = 5359 - 5321. Let d be (316/(-10) - 2)*-5. Let k = d - h. What is the units digit of k?
0
Let z be (2/4 - 1)*2. Let f = 5309 + -5303. What is the units digit of 15/z*((-70)/f + 6)?
5
Let p(i) be the second derivative of i**4/4 + 41*i**3/6 + 31*i**2/2 - 62*i. What is the thousands digit of p(-29)?
1
Suppose b + 3*x - 4288 = 0, -b + 4522 = 2*x + 228. What is the tens digit of b?
0
What is the hundreds digit of 739447/166*(2 + 0)?
9
Suppose 4*l - 3561 = -2*w + 1579, -4*w - 5*l + 10292 = 0. What is the thousands digit of w?
2
Suppose -343*k = -345*k + 6. Suppose -4*w = k*c - 54, -2*w - 4*c + 40 = -9*c. What is the tens digit of w?
1
Let z(i) = 3*i**3 + 4*i**2 - 4*i. Let l = 26 + -27. Let k(r) = -2*r**3. Let o be k(l). What is the units digit of z(o)?
2
What is the tens digit of (-84)/(-8)*13146/63?
9
What is the hundreds digit of ((-40668)/(-20)*10)/2?
1
Let i = 2078 - 1609. What is the units digit of i?
9
Suppose 3*c + 4 = -b + 5*b, -3*b - 4*c - 22 = 0. Let i be (6/(-7))/(b + (-15)/(-7)). Let l(j) = -16*j - 12. What is the tens digit of l(i)?
8
Suppose 0 = p - 3*h - 36, 0 = -p + h + h + 36. Suppose 4 = 8*d + p. What is the tens digit of (-17)/d - 4 - (-195)/4?
4
Let f = 3272 + -1872. Suppose -516*b + 509*b = -f. What is the hundreds digit of b?
2
Let k be 0/(5/((-15)/6)). Suppose k = -6*r + 7*r + 22. Let m = r - -91. What is the tens digit of m?
6
Let f = -1689 + 9213. What is the units digit of f?
4
Let p(r) = 790*r + 1305. What is the units digit of p(14)?
5
Let i(v) = -6*v**3 + 15*v**2 + 3*v - 3. What is the tens digit of i(-11)?
6
Suppose -5*q + 2*q = -k + 18, -5*k = 4*q + 5. Let u be 34/((0 - -8)/8). Suppose 163 = k*v + u. What is the tens digit of v?
4
Let h be ((15720/(-18))/(-10))/((-2)/(-27)). Let i = h - 430. What is the tens digit of i?
4
What is the units digit of 6/((-13)/17199*-9)?
2
Let x(b) = 13*b**2 - 13*b + 90. What is the tens digit of x(-17)?
6
What is the tens digit of -5 + 117*4/96 + 390530/16?
0
Let b(j) = 1423*j - 1551. What is the thousands digit of b(17)?
2
Suppose 1770 = 12*s + 942. Suppose 3*k - 9 = -2*i, 3*k - i = -0 + 18. Suppose 0 = 2*w - 4*h - 122, 3*w - k*h = 116 + s. What is the units digit of w?
5
Suppose -4*b + 2*i = i - 3147, 3*b - 2379 = -3*i. Let q = b + -200. Suppose 5*u + 2*a - q = 0, 136 = u + a + 19. What is the hundreds digit of u?
1
What is the thousands digit of 114780/(-24)*2*(-1 - 0)?
9
Suppose -4*o = 184 + 256. Let u be ((-40)/48)/((-11)/2442). Let s = u + o. What is the tens digit of s?
7
Let b = -25 + 48. Suppose -32*h = -b*h - 4221. What is the tens digit of h?
6
Suppose 21 = -9*u + 12*u. Suppose -u*g + 3*g = -16. Suppose g*m - 304 - 472 = 0. What is the units digit of m?
4
Let u = 229 - 219. Let d(o) = 6*o + 79. What is the units digit of d(u)?
9
Let l be (-10)/(1 + 4/(-3)). Let v = l - 6. Suppose v*b - 188 = 23*b. What is the tens digit of b?
8
Let h(f) = f**3 + 50*f**2 - 28*f - 213. What is the thousands digit of h(-33)?
9
Let x be (-1 - 3/3) + (3 - -1309). Suppose 2*m = 612 + x. What is the tens digit of m?
6
Suppose 6*y - 22 + 10 = 0. Suppose 1831 + 676 = y*d - 3*c, 5 = c. What is the units digit of d?
1
What is the units digit of (-3)/45*-376783 - (-4 + 870/225)?
9
Let x(g) = 2028*g + 90*g**2 - 2028*g. Suppose 11 = -3*l + 8. What is the units digit of x(l)?
0
Suppose -5*i - 108 = -8*d + 4*d, -2*d - 2*i = -36. Suppose d*g - 230 = -2*v + 26*g, -g - 3 = 0. What is the hundreds digit of v?
1
What is the units digit of (-8)/36 - -1126*(-4120)/(-72)?
2
Let i(s) = 26*s**2 - 114*s - 245. What is the units digit of i(-52)?
7
Suppose -1390862 = -235*f + 9413028. What is the ten thousands digit of f?
4
Suppose -10*p + 8*p = y - 2840, -2*y = -5*p - 5698. Suppose -431*w - y = -434*w. What is the units digit of w?
8
Let x(c) = c**2 + 214*c - 921. What is the ten thousands digit of x(92)?
2
Suppose 2*b - 7 = 1, -5*p - 5*b = 620. Let v = 569 + p. What is the units digit of v?
1
Suppose -7*v = -13*v + 48. Suppose -v*c + 9*c - 22 = 0. Suppose c*d = 17*d + 10. What is the units digit of d?
2
Let d(x) = 273*x**2 - 11*x - 13. Let r(c) = 272*c**2 - 10*c - 12. Let h(g) = -5*d(g) + 6*r(g). What is the tens digit of h(-1)?
6
Let t(h) = 7*h**2 + 9*h + 47. Suppose -34*x + 69 = 375. What is the hundreds digit of t(x)?
5
Let d(v) = v**3 + 2*v**2 + 8*v + 6. Let s = -23 - -22. Let h(a) = a**3 - a - 1. Let m(c) = s*d(c) - 6*h(c). What is the units digit of m(-2)?
2
Let s(f) = -303*f - 483. What is the tens digit of s(-2)?
2
Let p(n) = 436*n**3 + 4*n - 5. Let d be p(1). Suppose q - 499 = d. What is the units digit of q?
4
Let l be 49 - 18/(-24)*-4. Suppose -2*w = 6*v - 8*v - l, 3*w - 61 = 5*v. What is the units digit of w?
7
Suppose 3*h = -2*l - 664 + 33241, 18 = 3*l. What is the thousands digit of h?
0
Let j(z) = z**2 + 2*z + 25. Let y be j(0). Let m = y - -67. Let t = -25 + m. What is the tens digit of t?
6
Suppose -3*i + 5*b = -48 + 9, -b + 3 = 0. What is the tens digit of ((-552)/i - 3)/(2/(-30))?
0
Let l = 23 + 40. Suppose -t + 4 = -30. Let a = t + l. What is the units digit of a?
7
Suppose 15 - 13 = 2*n, 0 = 7*y - 5*n - 102377. What is the tens digit of y?
2
Let r = 190 - -826. Let f = r + -723. What is the tens digit of f?
9
Let i(w) = -2*w - 14. Let m be i(-7). Suppose 0 = -m*j - 9*j + 3060. Suppose -j = -3*x + 170. What is the hundreds digit of x?
1
Let l(v) be the third derivative of -v**5/60 + v**4/4 - v**3 + 11*v**2. Let n be l(3). What is the units digit of ((-2)/(10/n))/((-2)/110)?
3
Suppose 0 = k + 5*k - 30. Suppose 4*c - q - 1083 = 0, -k*c - 2*q + 741 + 603 = 0. Suppose 0 = -28*w + 22*w + c. What is the tens digit of w?
4
Let q(m) = 16*m - 11. Let v be q(10). Suppose -150*c = -v*c - 414. What is the hundreds digit of c?
4
Let u = -29 + 49. Let m be (-11)/(-3) - (1 - u/15). Suppose 4*h - 100 = c + c, m*c = h - 18. What is the tens digit of h?
2
Let c = 2871 - -1514. Suppose -4*j = -643 - c. What is the tens digit of j?
5
Let n(s) = -183*s - 3127. What is the ten thousands digit of n(-130)?
2
Suppose -12804 = -2*l + 2*b, -2*l - 4*b + 7961 = -4867. What is the units digit of l?
6
Let g = -43131 + 112114. What is the hundreds digit of g?
9
Suppose 0 = -10*o + 3*o + 98. Let i(x) = -x**3 + 16*x**2 - 5*x + 14. Let c be i(o). Suppose c - 116 = 4*v. What is the tens digit of v?
5
Let c = 89496 - 50276. What is the ten thousands digit of c?
3
Suppose -d + 0*b = 3*b - 249, 5*d - 1341 = -3*b. What is the hundreds digit of d?
2
Let f(d) = -d**3 - 8*d**2 - 11*d - 3. Let j be f(-6). Let r = -9 - j. Suppose l - 225 = -4*h, 5*h - 270 = -r*h + l. What is the units digit of h?
5
Let a(i) = 1958*i + 112. What is the hundreds digit of a(2)?
0
Let i be (30/(-9))/(25/(-30)) + 8. What is the units digit of 4/i*5*-3 - -587?
2
Let r = 5 + -3. Let v be (48/(-18))/1*-18. Suppose 0 = -4*l + r*k - 4*k + 142, -3*k = l - v. What is the tens digit of l?
3
What is the thousands digit of 8 - (678132/(-44) + -4 - (-23)/253)?
5
Let d(p) = 563*p - 185. What is the hundreds digit of d(15)?
2
Let k(n) = -31*n + 5. Suppose 0*b - 5*l - 5 = -5*b, -3*b = -l + 5. Let d be (-2)/((-21)/(-6) + b). What is the tens digit of k(d)?
2
Let s be (1/(-2))/(9/(-54)). Suppose 4*l - 4 = -2*v + 22, s*l - 18 = -v. Suppose -980 = -l*o - 5*k, 0 = 3*o + 4*k - 417 - 176. What is the hundreds digit of o?
1
Let p(g) = 19*g**2 - 3*g + 1. Let k be p(1). Suppose -2*d = -35 + k. What is the tens digit of (-36)/8*(-42)/d?
2
Let s(g) = 8*g**2 - g + 18. Let q be s(6). Let k = q - 9. What is the tens digit of k?
9
Let h(w) = -6*w - 22*w**2 - 4 + 44*w**2 - 21*w**2 - 8. Let d be h(8). Suppose 3*u - 226 = d*z, 4*u + 3*z - 162 = 2*u. What is the tens digit of u?
7
Let b = 16 - 11. Suppose -2*t + 3 = -b*u - 3, -2*t + 6 = -3*u. What is the units digit of (8 - 5)*41/t?
1
What is the hundreds digit of 11/((-11)/2)*(51676/8)/(-1)?
9
What is the tens digit of (54/9 - 7)/((-1)/((-7757)/(-1)))?
5
Suppose -103 + 143 = -2*w. Let r(c) = 2*c**2 - 3*c + 14. What is the tens digit of r(w)?
7
What is the tens digit of (6 - 4 - -9) + 1036?
4
Let q(a) = 313*a - 20 - 634*a - 591*a - 201*a - 6. What is the units digit of q(-1)?
7
Suppose 141 = 8*z - 243. Let u = z